{"id":54,"date":"2018-07-31T08:42:31","date_gmt":"2018-07-31T08:42:31","guid":{"rendered":"http:\/\/drzoltanhunor.hu\/?page_id=54"},"modified":"2020-06-24T12:43:10","modified_gmt":"2020-06-24T12:43:10","slug":"telefonszamaink","status":"publish","type":"page","link":"http:\/\/drzoltanhunor.hu\/?page_id=54","title":{"rendered":"Telefonsz\u00e1maink"},"content":{"rendered":"<p>Felh\u00edvjuk a figyelm\u00e9t, hogy telefonon csak \u00e1ltal\u00e1nos t\u00e1j\u00e9koztat\u00e1st tudunk adni.<\/p>\n<p><strong>Telefonos f\u00e9lfogad\u00e1s:<\/strong><\/p>\n<p><strong>\u00a0 \u00a0 \u00a0 \u00a0 \u00a0 \u00a0 \u00a0 munkanapokon 08:00 &#8211; 12:00\u00a0 k\u00f6z\u00f6tt.<\/strong><\/p>\n<p><strong>Tel:\u00a0\u00a0\u00a0\u00a0\u00a0\u00a0\u00a0 06(27)540-028<\/strong><\/p>\n<p><strong>Fax:<span style=\"font-size: 1rem; line-height: 1.66;\">\u00a0 \u00a0 \u00a0 \u00a0<\/span>06(27)540-029<\/strong><\/p>\n\n\n<p><\/p>\n","protected":false},"excerpt":{"rendered":"<p>Felh\u00edvjuk a figyelm\u00e9t, hogy telefonon csak \u00e1ltal\u00e1nos t\u00e1j\u00e9koztat\u00e1st tudunk adni. Telefonos f\u00e9lfogad\u00e1s: \u00a0 \u00a0 \u00a0 \u00a0 \u00a0 \u00a0 \u00a0 munkanapokon 08:00 &#8211; 12:00\u00a0 k\u00f6z\u00f6tt. Tel:\u00a0\u00a0\u00a0\u00a0\u00a0\u00a0\u00a0 06(27)540-028 Fax:\u00a0 \u00a0 \u00a0 \u00a006(27)540-029<\/p>\n","protected":false},"author":1,"featured_media":0,"parent":0,"menu_order":0,"comment_status":"closed","ping_status":"closed","template":"","meta":[],"_links":{"self":[{"href":"http:\/\/drzoltanhunor.hu\/index.php?rest_route=\/wp\/v2\/pages\/54"}],"collection":[{"href":"http:\/\/drzoltanhunor.hu\/index.php?rest_route=\/wp\/v2\/pages"}],"about":[{"href":"http:\/\/drzoltanhunor.hu\/index.php?rest_route=\/wp\/v2\/types\/page"}],"author":[{"embeddable":true,"href":"http:\/\/drzoltanhunor.hu\/index.php?rest_route=\/wp\/v2\/users\/1"}],"replies":[{"embeddable":true,"href":"http:\/\/drzoltanhunor.hu\/index.php?rest_route=%2Fwp%2Fv2%2Fcomments&post=54"}],"version-history":[{"count":6,"href":"http:\/\/drzoltanhunor.hu\/index.php?rest_route=\/wp\/v2\/pages\/54\/revisions"}],"predecessor-version":[{"id":169,"href":"http:\/\/drzoltanhunor.hu\/index.php?rest_route=\/wp\/v2\/pages\/54\/revisions\/169"}],"wp:attachment":[{"href":"http:\/\/drzoltanhunor.hu\/index.php?rest_route=%2Fwp%2Fv2%2Fmedia&parent=54"}],"curies":[{"name":"wp","href":"https:\/\/api.w.org\/{rel}","templated":true}]}}